est common divisor of 205 and 656.
41
Calculate the greatest common divisor of 60 and 1245.
15
What is the highest common divisor of 26 and 29263?
13
What is the highest common factor of 614 and 10?
2
Calculate the highest common factor of 10 and 3730.
10
Calculate the greatest common factor of 204 and 2652.
204
Calculate the highest common factor of 12 and 1668.
12
What is the highest common divisor of 48 and 224?
16
What is the highest common factor of 29 and 377?
29
Calculate the highest common divisor of 80 and 8720.
80
Calculate the highest common divisor of 535 and 4.
1
What is the greatest common factor of 736 and 506?
46
What is the highest common divisor of 6 and 1278?
6
What is the greatest common divisor of 33 and 539?
11
Calculate the highest common divisor of 24 and 208.
8
What is the greatest common factor of 39 and 15?
3
What is the greatest common factor of 379 and 1?
1
Calculate the greatest common factor of 75 and 30.
15
Calculate the highest common factor of 1376 and 176.
16
Calculate the greatest common factor of 209 and 2147.
19
What is the greatest common factor of 306 and 9?
9
Calculate the highest common factor of 126 and 4.
2
What is the greatest common divisor of 140 and 196?
28
Calculate the highest common divisor of 33 and 253.
11
Calculate the greatest common divisor of 2968 and 252.
28
What is the greatest common factor of 750 and 6?
6
Calculate the highest common divisor of 52 and 1534.
26
Calculate the highest common divisor of 1 and 127.
1
Calculate the highest common divisor of 6603 and 93.
93
What is the highest common divisor of 300 and 80?
20
What is the greatest common divisor of 12 and 2956?
4
What is the greatest common factor of 14160 and 45?
15
Calculate the greatest common divisor of 294 and 42.
42
What is the highest common factor of 2950 and 236?
118
What is the highest common divisor of 12 and 6168?
12
What is the highest common divisor of 630 and 360?
90
What is the greatest common divisor of 2173 and 41?
41
What is the greatest common factor of 2780 and 120?
20
Calculate the highest common divisor of 37 and 1702.
37
Calculate the highest common factor of 195 and 130.
65
What is the greatest common divisor of 2204 and 532?
76
What is the highest common factor of 1017 and 27?
9
Calculate the highest common divisor of 4351 and 229.
229
What is the greatest common divisor of 128 and 316?
4
What is the highest common factor of 95 and 5?
5
Calculate the greatest common factor of 34 and 8.
2
What is the highest common factor of 68 and 3961?
17
Calculate the highest common factor of 480 and 180.
60
What is the highest common factor of 6319 and 267?
89
What is the highest common factor of 81 and 1557?
9
Calculate the greatest common factor of 120 and 1272.
24
What is the greatest common divisor of 672 and 3192?
168
What is the highest common divisor of 3146 and 3575?
143
Calculate the greatest common divisor of 201 and 183.
3
What is the greatest common divisor of 372 and 12?
12
Calculate the highest common factor of 65 and 5.
5
Calculate the highest common divisor of 85 and 884.
17
Calculate the greatest common factor of 1570 and 628.
314
Calculate the highest common factor of 3178 and 98.
14
What is the greatest common divisor of 475 and 855?
95
What is the greatest common divisor of 41 and 1?
1
Calculate the greatest common divisor of 60 and 1344.
12
Calculate the highest common divisor of 84 and 72.
12
What is the highest common factor of 1638 and 63?
63
What is the greatest common divisor of 225 and 65?
5
Calculate the highest common factor of 30 and 60.
30
Calculate the greatest common factor of 1 and 55.
1
What is the highest common divisor of 21 and 114?
3
What is the greatest common divisor of 512 and 8?
8
What is the highest common factor of 192 and 144?
48
Calculate the greatest common divisor of 627 and 66.
33
Calculate the highest common factor of 2511 and 891.
81
Calculate the highest common divisor of 180 and 495.
45
What is the greatest common factor of 8 and 98?
2
Calculate the highest common divisor of 6881 and 14.
7
What is the greatest common divisor of 2 and 349?
1
What is the greatest common divisor of 9097 and 11?
11
What is the greatest common factor of 52 and 806?
26
Calculate the highest common factor of 585 and 90.
45
What is the highest common divisor of 42 and 18?
6
What is the highest common divisor of 292 and 32?
4
Calculate the highest common divisor of 29 and 5249.
29
What is the greatest common divisor of 13 and 34?
1
Calculate the highest common factor of 119 and 140.
7
Calculate the highest common divisor of 324 and 63.
9
Calculate the highest common factor of 174 and 638.
58
Calculate the highest common factor of 40 and 1290.
10
Calculate the highest common divisor of 18 and 1431.
9
What is the greatest common divisor of 130 and 1190?
10
Calculate the greatest common factor of 38 and 266.
38
Calculate the greatest common divisor of 1368 and 19.
19
Calculate the greatest common divisor of 1348 and 24.
4
Calculate the greatest common factor of 48 and 3544.
8
Calculate the highest common factor of 11929 and 302.
151
What is the greatest common factor of 240 and 1968?
48
Calculate the greatest common factor of 35 and 581.
7
What is the highest common divisor of 704 and 11?
11
Calculate the greatest common factor of 32480 and 8.
8
Calculate the highest common divisor of 22 and 11.
11
What is the highest common divisor of 6 and 282?
6
What is the highest common divisor of 32 and 464?
16
Calculate the greatest common factor of 3135 and 2185.
95
Calculate the greatest common divisor of 227 and 37909.
227
What is the greatest common factor of 276 and 15?
3
Calculate the highest common divisor of 27 and 639.
9
What is the greatest common divisor of 408 and 24?
24
What is the greatest common factor of 472 and 295?
59
What is the highest common divisor of 2905 and 35?
35
Calculate the highest common factor of 128 and 416.
32
What is the greatest common factor of 46 and 2231?
23
Calculate the highest common divisor of 17 and 101.
1
Calculate the highest common factor of 1680 and 210.
210
What is the greatest common factor of 1800 and 2952?
72
Calculate the greatest common factor of 52 and 403.
13
Calculate the highest common divisor of 44 and 176.
44
Calculate the highest common divisor of 22 and 440.
22
Calculate the greatest common divisor of 450 and 3420.
90
Calculate the greatest common factor of 101774 and 302.
302
Calculate the greatest common factor of 1072 and 352.
16
Calculate the greatest common divisor of 56 and 21.
7
Calculate the highest common factor of 177 and 135.
3
What is the highest common divisor of 350 and 150?
50
Calculate the highest common divisor of 8722 and 14.
14
What is the greatest common factor of 410 and 40?
10
What is the highest common divisor of 43 and 258?
43
Calculate the greatest common factor of 475 and 38.
19
Calculate the greatest common divisor of 136 and 85.
17
What is the greatest common divisor of 33 and 18?
3
What is the highest common divisor of 16 and 64?
16
Calculate the greatest common divisor of 161 and 115.
23
Calculate the greatest common divisor of 63 and 18.
9
What is the greatest common factor of 58 and 1363?
29
What is the greatest common divisor of 500 and 80?
20
Calculate the highest common divisor of 32598 and 18.
18
Calculate the greatest common factor of 30 and 50.
10
Calculate the highest common divisor of 6 and 18.
6
What is the greatest common divisor of 64 and 1856?
64
What is the greatest common divisor of 620 and 1160?
20
Calculate the greatest common divisor of 7 and 511.
7
What is the greatest common divisor of 17 and 47?
1
What is the greatest common divisor of 1045 and 209?
209
Calculate the highest common divisor of 22592 and 64.
64
What is the highest common divisor of 1173 and 1794?
69
Calculate the highest common divisor of 17 and 76.
1
Calculate the greatest common divisor of 260 and 7020.
260
Calculate the highest common factor of 2392 and 338.
26
Calculate the highest common factor of 75 and 4725.
75
Calculate the greatest common divisor of 165 and 12105.
15
What is the greatest common factor of 108 and 468?
36
What is the highest common divisor of 301 and 12728?
43
What is the highest common divisor